*q + 2*v - 4 = 0, 3*q = -v + 6*v - 10. Suppose -5*r = -q*r - 35. Determine x(r).
-4
Let p(b) be the third derivative of b**4/12 - 34*b**2. Let h = -2589 + 2595. Calculate p(h).
12
Let d = 8144 + -8142. Let p(r) be the second derivative of 0 - 7/6*r**3 - 20*r - 3*r**d - 1/12*r**4. What is p(-6)?
0
Let o = 15888 - 15878. Let j(w) = -18*w + 171. Give j(o).
-9
Let i(y) = y**3 + 7*y**2 + 2*y - 4. Suppose -8*k = -110 + 14. Let d be k/(-4 + -2) - 5. Calculate i(d).
-18
Let q = -311 - -313. Let b(w) = 2*w - w + q - w + 3*w - w. Give b(-9).
-16
Let j(l) = -2*l**3 + 7*l**2 - 6*l + 10. Suppose -16*o + 13*o - 87 = -32*o. Calculate j(o).
1
Let g(a) = -a**3 + 5*a**2 - 7*a + 6. Let v(r) = 4*r**2 - 6*r - 69. Let t be v(-6). Let n = 115 - t. What is g(n)?
-6
Let d(h) = -12*h + 363. Let r be d(30). Let z(b) = 23 - 32*b**2 + 2*b**3 - r*b**3 + 10*b**2 + 15*b**2 - 30. Determine z(-7).
-7
Let q(k) = k + 88. Let w(f) = f - 186. Let x(o) = -5*q(o) - 2*w(o). Calculate x(-11).
9
Let r = 175 + 15. Let n = r - 200. Let q(m) = -m**2 - 10*m - 3. What is q(n)?
-3
Let d(k) = 2*k**3 + k**2 - 53 - 11 - k**3 - k - 59 + 54. Give d(0).
-69
Let y be 22/6 + (-6)/9. Let g be ((-2)/10 + 5886/405)*3. Let p(d) = -8*d - 43 - g + 131 - 44. Determine p(y).
-23
Let t(v) = v**3 + 18*v**2 - v + 336. Let i be t(-19). Let g(o) = o - 4. Determine g(i).
-10
Let y(z) be the second derivative of -z**4/12 - z**3/6 - 38*z**2 - 9*z. Give y(0).
-76
Suppose 0 = 8*t - 32*t + 144. Let f(y) = -8*y + 20 + 19*y - 6*y - t*y. Determine f(0).
20
Let h(y) = y**2 + 9*y + 2. Let d be h(-8). Let u be (-1)/d + (-35)/30*1. Let w be (-15 + u)/((-4)/8*4). Let z(i) = i**2 - 8*i + 1. What is z(w)?
1
Let q(p) = -5*p**3 - 82*p**2 - 113*p - 294. Let w(c) = -3*c**3 - 49*c**2 - 68*c - 179. Let l(h) = -8*q(h) + 13*w(h). Give l(-18).
-11
Let d(i) = 7*i**3 - 9*i**2 + 13*i - 10. Let h(v) = -v**3 + 5*v**2 + v + 1. Let x(b) = d(b) + 6*h(b). What is x(-20)?
16
Let i(d) = d**3 + 4*d**2 + 2*d + 3. Suppose -5*r = -45 + 25. Suppose r*w - 5*w + 3 = 0. Let q be (w/(-2))/(7/14). Determine i(q).
6
Let m(q) be the third derivative of -q**6/120 - q**4/24 - 3*q**3/2 + 2*q**2 + 2*q + 106. Give m(0).
-9
Let q(c) be the second derivative of c**5/20 - 7*c**4/12 - 7*c**3/3 + 17*c**2/2 + 8877*c. What is q(9)?
53
Let u(q) = q**3 - 2*q**2 + 79. Suppose -41*w - 58*w = 35*w. Calculate u(w).
79
Suppose 3*i + 32 = -o, 5*i + 7*o = 4*o - 60. Let m(k) be the second derivative of 2/3*k**4 - 3/2*k**3 + 18*k + 0 + 1/20*k**5 - k**2. Calculate m(i).
-2
Suppose -3*i - 4*b = -14, -17 = -3*i - 0*b - b. Let f(n) = -2*n**2 + i + 43*n - 34*n - 10. Calculate f(5).
-9
Suppose -5*m + 16 + 4 = n, 4*m + 8 = 4*n. Suppose -2*i + u = -242, 4*u = m*i + 6*u - 356. Let j(l) = 62*l + 3 - 3*l**2 - i*l + 61*l. Give j(-2).
-15
Let q(y) = y**2 + 7*y + 1. Let v(r) be the second derivative of r**3/2 - 115*r**2/2 + 39*r. Let w be v(36). What is q(w)?
1
Let y(d) = d**3 - 2*d**2 + 3*d - 2. Let o be 1*((-2792)/(-1))/8. Suppose 0 = o*p - 361*p + 24. Give y(p).
4
Suppose 0 = 9*h - 15 - 111. Suppose 2*s + 11*z - h = 8*z, 14 = 5*s - 3*z. Let l(w) = w**3 - 5*w**2 + 5*w + 3. Determine l(s).
7
Let y = 3610 + -3611. Let i(j) = -5*j**2 + 7*j + 7. What is i(y)?
-5
Suppose 0 = -82*a + 10 + 72. Let u(j) = -j**2 + 3*j - 3. Determine u(a).
-1
Let o(l) = l - 4. Suppose -7*v = -221 - 682. Suppose -2*m - 119 + v = 0. Calculate o(m).
1
Let h(n) = -n + 4. Suppose -4*a - 4*a = 0. Let v be h(a). Let o(q) = -6 - q**2 - 6 + v - 8*q. Determine o(-6).
4
Let w(a) = 4*a - a - 6*a - 3. Suppose 2*q = -k, -3*q + 4*k = 24 - 2. Determine w(q).
3
Let u(g) be the third derivative of -7*g**4/24 - 17*g**3/6 - g**2 + 33. Let j be u(-2). Let k(i) = i**3 + 2*i**2 + i - 2. Determine k(j).
-14
Let z(y) be the first derivative of 17*y**2/2 - 4*y + 1351. Calculate z(-2).
-38
Let y(n) = n**2 + 5*n - 25. Suppose -217*l + 2 = -220*l + 17. Determine y(l).
25
Let b(a) = -8 - 1 - 11 - 3*a. Let h be b(-6). Let g(y) = 2 - 1 - y - 2. Determine g(h).
1
Let a(j) be the second derivative of -j**5/20 - 2*j**4/3 + j**3 - 11*j**2/2 - j. Let c = 424023 + -424032. Calculate a(c).
16
Let f(z) = z**2 - 46*z - 95. Let c(u) = 2026*u + 6126. Let v be c(-3). Give f(v).
1
Let w(s) = -10 + 4 - 297*s**3 + 7*s - 6*s**2 + 298*s**3. Give w(5).
4
Let u(a) = 66*a - 573 + a**3 - 571 - 26*a**2 + 2438 - 618 - 605. What is u(23)?
2
Let h = 123 - 128. Let b(m) = 7*m + 16. Let a(c) = 10*c + 25. Let u(z) = h*a(z) + 8*b(z). What is u(3)?
21
Suppose 145 = o + 3*y + 175, -3*o - 26 = y. Let j(s) = 4*s**2 + 13*s + 12. Calculate j(o).
78
Let k(v) = -5*v**2 + 14*v + 81. Let d(g) = 12*g**2 - 27*g - 211. Let b(u) = 2*d(u) + 5*k(u). Suppose z - 5*i = 0, z - 16 = -4*i + 11. Give b(z).
-2
Let r be (49 + 31)*(-1)/(-16). Let d(v) = -4*v**3 - 11*v**2 + 3*v + 5. Let p(w) = 3*w**3 + 10*w**2 - 3*w - 5. Let h(b) = -4*d(b) - 5*p(b). What is h(r)?
-5
Let a(j) be the first derivative of -j**2/2 - 5*j + 20. Let z(p) = p - 8. Let k be z(-9). Let l = 10 + k. What is a(l)?
2
Let w(k) = -k**2 - 4*k + 22. Let l be w(-6). Suppose -322*t + 323*t + l = 0. Let j(m) = -m - 6. What is j(t)?
4
Let c(q) = -3 + 8351*q**2 - 8343*q**2 - 5*q - q**3 + 0*q**3. Suppose 2 - 9 = -i. Calculate c(i).
11
Let r(q) = -q**2 - 7*q + 1. Suppose 7*o = 126 + 448. Suppose -103 = -5*l + o. Suppose 0*g = -2*c + 5*g - l, -3*c = 2*g + 8. Determine r(c).
7
Let i = -740 + 742. Let g(w) = 0 + w**i - 76 + 67 + 14*w. Determine g(-15).
6
Let v(c) = -2*c**2 - 192*c + 199. Let u be v(-97). Let t(q) = -2*q + 6 - 4*q + 0*q. Calculate t(u).
-24
Let s(h) = 4*h - 42. Let x(z) = 15*z**3 - 5*z**2 - 6*z + 6. Let o be x(1). Calculate s(o).
-2
Let w(v) = -27*v**2 - 28*v - 18*v**2 + 6*v - 41*v**2 - v**3 + 26 + 107*v**2. Determine w(20).
-14
Let h(k) = 2*k**2 - 4*k**2 + 6*k**2 + 1 + 3*k - 6 - 1. Determine h(-4).
46
Let a(p) = p**3 + 37*p**2 + 133*p + 48. Let z be a(-33). Let y(c) = c**2 - 13*c - 9. Calculate y(z).
21
Let s(j) = -3*j - 5. Suppose -416*d = 61*d + 477. Determine s(d).
-2
Let x(a) be the first derivative of -49*a**3/3 + a**2/2 + 1164. Calculate x(-1).
-50
Let c(m) = -m - 16. Let j be (2 - 7) + -14 + 39. Suppose j*b + 22 = 22*b. Give c(b).
-27
Let p = 10416 - 10411. Let d(q) = -2*q**2 + 22*q - 68. What is d(p)?
-8
Let t(h) = h**3 + 14*h**2 + 13*h - 18. Let b be (100/1250 - 7294/550) + 2/11. Determine t(b).
-18
Let p(k) be the second derivative of -k**4/12 + 14*k. Let d be p(0). Suppose 3*l + d = -18. Let q(h) = -h**3 - 5*h**2 + 9*h + 9. Calculate q(l).
-9
Let v(c) = c - 22. Let q be v(7). Let i = q - -9. Let g be (14 - 17)*(-4)/i + -5. Let u(z) = -z**3 - 8*z**2 - 5*z - 5. Give u(g).
-19
Let v(p) be the first derivative of p**3/3 - 6*p**2 + 8*p + 330. Give v(11).
-3
Let a = -9 + 13. Suppose 9 = -5*u + a. Let c(l) be the first derivative of l**4/2 - l**3/3 - l**2 - l + 432. What is c(u)?
-2
Let v(l) = 0*l - 5108 - 2*l + 6*l + 5105. Suppose -5*q + 5*g = -10, 2*g + 0*g + 9 = -3*q. Let p be (-2 - q)/((-3)/9). Give v(p).
9
Let g = -13932 + 13940. Let x(v) = -v**3 + 7*v**2 + 4*v - 4. Calculate x(g).
-36
Let u(y) = 0*y - 4*y + 4 + y. Suppose 5 = -2043*o + 2044*o + t, 2*t = -4*o + 16. Give u(o).
-5
Let v = -30 + 39. Let q(k) = -10 + v - k - 1. Calculate q(0).
-2
Let h(j) = -158*j - 193*j + 1 - 198*j - 190*j + 735*j + 3*j**2. Suppose -5*o + 15 = -0*o. Calculate h(o).
16
Let w(h) be the third derivative of -h**6/60 - 23*h**5/60 + 3*h**4 + 14*h**3/3 - 3*h**2 - 2*h + 867. What is w(-14)?
0
Suppose -5*b - 20 = 5*x, 4 = -5*b - 6. Let r = 5 + x. Let j(y) = 4*y - 6. Determine j(r).
6
Let n(g) be the second derivative of -67*g + 0 + 1/20*g**5 - 1/6*g**4 + g**2 - 1/6*g**3. Give n(-3).
-40
Let a = -4299 + 4305. Let r(x) = 10*x - 72. Give r(a).
-12
Let h(l) = 3*l**2 + 169 - 334 - 758*l**3 + 754*l**3 + 0*l + 2*l + 162. What is h(2)?
-19
Let c(z) be the first derivative of 3*z**2 + 16*z + 922. What is c(-7)?
-26
Let f(v) be the first derivative of 0*v + 1/30*v**5 + 43/2*v**2 - 1/2*v**3 + 7 + 1/6*v**4. Let n(r) be the second derivative of f(r). Determine n(2).
13
Let a = 139 + -135. Suppose 4 + 12 = a*d. Let v(r) = -r + 1. Determine v(d).
-3
Suppose -2*g + 22 = -3*g - 5*o, 0 = -g + 4*o + 14. Let j(w) be the third derivative of -w**5/30 - w**4/12 - w**3/3 + 2*w**2 + 185. Calculate j(g).
-6
Let y(r) = r**2 - 5*r - 12. Let l = 443 + -197. Suppose 42*d - d =